-12012021 (base 3) in base 16?
-ecb
Convert 165250 (base 7) to base 2.
1000000100100101
-100010110 (base 2) to base 13
-185
ded1 (base 16) to base 5
3311131
2434 (base 5) to base 13
225
-1012 (base 7) to base 8
-540
26156 (base 8) to base 16
2c6e
Convert -2e6 (base 16) to base 7.
-2110
What is -141a5 (base 11) in base 14?
-750d
What is -4031 (base 10) in base 7?
-14516
What is -48943 (base 11) in base 2?
-10001001011001100
What is 4303 (base 9) in base 12?
19b6
What is -33142 (base 6) in base 9?
-6268
What is 5a8 (base 15) in base 10?
1283
What is -964 (base 10) in base 5?
-12324
Convert -107b6 (base 15) to base 6.
-1042243
-89b2 (base 12) to base 3
-202220222
2116 (base 7) to base 3
1000201
Convert -6438 (base 16) to base 7.
-134541
-14d (base 14) to base 5
-2030
Convert 1413010 (base 5) to base 6.
342510
What is -9c0 (base 13) in base 6?
-11433
19353 (base 10) to base 15
5b03
2222103 (base 4) to base 12
6383
Convert -7b2 (base 15) to base 2.
-11011001110
Convert 11374 (base 8) to base 2.
1001011111100
Convert 13131 (base 4) to base 12.
339
What is 5ab3 (base 15) in base 13?
8a21
What is -21234 (base 6) in base 13?
-1423
What is -1121201022 (base 3) in base 5?
-2004433
Convert 113203 (base 5) to base 9.
5652
What is -3376 (base 12) in base 3?
-21211100
Convert 927 (base 11) to base 2.
10001011110
What is -1291 (base 10) in base 3?
-1202211
What is -1ce (base 15) in base 2?
-110100011
17a5 (base 13) to base 5
103030
What is 2203 (base 9) in base 10?
1623
202 (base 5) to base 10
52
Convert -1000100111011101 (base 2) to base 9.
-53364
58b (base 12) to base 11
692
What is 118 (base 9) in base 15?
68
What is 10ba9 (base 12) in base 14?
8277
What is -28ac (base 14) in base 4?
-1300220
What is -4150 (base 6) in base 15?
-420
Convert -99a8 (base 15) to base 5.
-2020213
Convert -13720 (base 9) to base 2.
-10010001110101
What is 20a09 (base 13) in base 7?
333330
What is -431 (base 7) in base 13?
-13a
Convert -213b1 (base 14) to base 9.
-132153
What is -2240 (base 5) in base 11?
-271
Convert -740 (base 10) to base 3.
-1000102
-131201 (base 4) to base 5
-30024
-1143 (base 7) to base 16
-1a7
3e8 (base 15) to base 14
47b
What is 13211 (base 5) in base 16?
420
Convert 1132200 (base 4) to base 15.
1bd3
15921 (base 13) to base 9
62330
Convert 180 (base 9) to base 14.
ad
Convert -372 (base 13) to base 11.
-4a6
-1224 (base 9) to base 2
-1110010001
What is -42ac (base 14) in base 5?
-332040
-564 (base 7) to base 5
-2131
Convert 209 (base 13) to base 12.
24b
Convert -3132 (base 5) to base 9.
-513
What is 2103123 (base 5) in base 13?
12ab0
Convert 2110111 (base 5) to base 2.
1000100011010111
What is -19180 (base 10) in base 3?
-222022101
-1001100111 (base 2) to base 10
-615
Convert 185a5 (base 15) to base 10.
78905
250 (base 9) to base 14
10b
What is -c0 (base 14) in base 13?
-cc
22e (base 15) to base 2
111101110
What is 3114 (base 6) in base 9?
851
What is 1212000 (base 3) in base 11?
1018
-10110001011 (base 2) to base 5
-21134
What is -1819 (base 10) in base 4?
-130123
Convert -43530 (base 7) to base 8.
-25223
What is -10011001111100110 (base 2) in base 6?
-1404530
What is -2303401 (base 5) in base 7?
-230554
4145 (base 9) to base 10
3038
-28a7 (base 13) to base 10
-5883
What is -20d4 (base 14) in base 2?
-1011000101010
-28633 (base 10) to base 15
-873d
Convert -1837 (base 15) to base 5.
-131402
What is 1419 (base 16) in base 4?
1100121
Convert -6ab (base 13) to base 16.
-483
What is 530 (base 15) in base 13?
6c0
What is -55a0 (base 12) in base 8?
-22410
What is -37a (base 11) in base 2?
-111000010
2423 (base 7) to base 5
12044
-32110 (base 6) to base 16
-110a
What is -111002 (base 5) in base 15?
-1237
-1217 (base 9) to base 12
-637
Convert 48a (base 11) to base 16.
246
Convert 11423 (base 14) to base 13.
1614b
Convert -4212 (base 5) to base 4.
-20231
Convert -2a6 (base 14) to base 16.
-21a
6686 (base 10) to base 14
2618
Convert -357 (base 10) to base 16.
-165
What is -11403 (base 8) in base 11?
-3725
Convert 3331 (base 4) to base 14.
141
1011212122 (base 3) to base 13
a766
-11301 (base 5) to base 9
-1117
Convert 62020 (base 7) to base 13.
6b50
Convert 2545 (base 6) to base 2.
1010000001
-3994 (base 13) to base 12
-4921
Convert -101201 (base 3) to base 10.
-289
-10223 (base 4) to base 10
-299
What is 4736 (base 8) in base 9?
3416
What is -11231 (base 5) in base 16?
-330
What is b68 (base 16) in base 6?
21304
What is 101110010000010 (base 2) in base 7?
126021
-44652 (base 7) to base 12
-6663
Convert 74b (base 14) to base 13.
869
Convert 20420 (base 7) to base 5.
130022
What is -5329 (base 12) in base 5?
-242410
What is 22a41 (base 12) in base 6?
554521
What is 1012003 (base 4) in base 13?
206b
What is 4501 (base 6) in base 5?
13140
Convert 5df (base 16) to base 8.
2737
What is 1039 (base 12) in base 14?
909
1652 (base 7) to base 3
220222
Convert -286 (base 13) to base 15.
-1ed
Convert -19bb (base 12) to base 2.
-110001011111
Convert 102522 (base 7) to base 10.
17754
Convert 11f8 (base 16) to base 4.
1013320
Convert -136 (base 8) to base 5.
-334
Convert -14c1 (base 14) to base 9.
-5057
What is 847d (base 15) in base 4?
12311302
Convert 363 (base 8) to base 7.
465
3626 (base 15) to base 6
125143
Convert -200333 (base 4) to base 2.
-100000111111
What is -12663 (base 7) in base 14?
-136a
-19a6 (base 16) to base 9
-10005
What is -7 (base 11) in base 6?
-11
What is a3 (base 15) in base 3?
12200
Convert -279a (base 14) to base 9.
-10533
What is -11000011011 (base 2) in base 9?
-2126
Convert 344012 (base 7) to base 6.
1152142
Convert -5031 (base 12) to base 3.
-102220101
410415 (base 6) to base 3
1122122202
What is 31032102 (base 4) in base 15?
110ac
What is -112133 (base 4) in base 12?
-9bb
-11211322 (base 4) to base 14
-84c2
2132 (base 5) to base 4
10210
c25 (base 15) to base 16
aaf
-102202110 (base 3) to base 8
-20573
25602 (base 8) to base 5
324023
Convert 60706 (base 8) to base 10.
25030
Convert -7066 (base 12) to base 6.
-132210
What is -6612 (base 9) in base 16?
-1307
Convert 2110011001 (base 3) to base 5.
3020343
What is 2712 (base 11) in base 2?
110111000010
111000000010 (base 2) to base 6
24334
-1141 (base 6) to base 15
-137
-3324 (base 9) to base 2
-100110010100
-10487 (base 11) to base 12
-8984
Convert 504 (base 10) to base 7.
1320
What is -10002001010 (base 3) in base 14?
-180c1
Convert 313 (base 5) to base 13.
65
101101010 (base 2) to base 14
1bc
847 (base 12) to base 16
4b7
-4041 (base 10) to base 9
-5480
-32011 (base 7) to base 8
-17331
Convert -132130 (base 4) to base 12.
-1164
Convert 20c6 (base 13) to base 6.
33032
Convert -1874 (base 10) to base 14.
-97c
Convert 7710 (base 8) to base 16.
fc8
Convert 4db (base 16) to base 15.
57d
Convert -1767 (base 11) to base 14.
-b6b
Convert -2020 (base 4) to base 3.
-12001
What is -1031323 (base 4) in base 8?
-11573
Convert 1a66 (base 14) to base 12.
2936
4021 (base 14) to base 11
82a5
Convert -139d (base 16) to base 3.
-20212222
72b (base 16) to base 13
ab2
Convert -342201 (base 5) to base 12.
-7068
567b (base 14) to base 13
6aa3
51420 (base 7) to base 5
400213
-311013 (base 4) to base 12
-1b73
20203 (base 4) to base 9
667
3221212 (base 4) to base 3
202111201
2178 (base 11) to base 8
5464
What is -5788 (base 9) in base 14?
-17c8
-232005 (base 6) to base 13
-9080
What is -221444 (base 6) in base 2?
-100100001100100
-b769 (base 14) to base 4
-13232201
-b00 (base 13) to base 8
-3503
-1010 (base 8) to base 6
-2224
41363 (base 9) to base 7
142341
Convert 6360 (base 7) to base 5.
32442
1201 (base 12) to base 15
8e7
Convert 1370 (base 12) to base 5.
32434
What is 13010 (base 10) in base 6?
140122
What is -8c3 (base 14) in base 16?
-6cb
Convert -881 (base 9) to base 11.
-5a6
Convert 30331 (base 4) to base 14.
433
What is -75 (base 9) in base 7?
-125
Convert 27052 (base 9) to base 5.
1041042
-1571 (base 8) to base 14
-477
320420 (base 5) to base 8
24757
4057 (base 9) to base 14
1120
1919 (base 10) to base 2
11101111111
What is -23236 (base 9) in base 12?
-8b80
Convert -4292 (base 10) to base 15.
-1412
-12648 (base 9) to base 7
-33632
Convert -101010011100 (base 2) to base 3.
-10201121
What is -6441 (base 8) in base 16?
-d21
What is 3b3 (base 12) in base 5?
4232
Convert -40440 (base 6) to base 11.
-4026
What is -51160 